it of ((-364)/208)/(1/(-432))?
5
Let k be 2/1 - (2 + 2 + -5). Suppose v = k*p - 79 - 342, 5*v - 415 = -3*p. What is the tens digit of p?
4
Suppose -5*l + 13 = 2*o, o = 2*l - 3*o - 10. Suppose 4*h - 4 = -l*t, 0 = 4*t - 3*h + h - 20. What is the units digit of t?
4
Suppose -5*u + 578 = -3*m, -8*m = -2*u - 4*m + 220. What is the tens digit of u?
1
Let k(p) = -39*p - 26. Let m(g) = 26*g + 17. Let x(v) = 5*k(v) + 8*m(v). What is the units digit of x(5)?
1
Let c = 7795 - 3116. What is the tens digit of c?
7
Let i(p) be the first derivative of 11*p**3/3 - 2*p**2 + 10*p - 12. What is the hundreds digit of i(4)?
1
Let f be 2 + 16/(-7) - 69/(-21). Suppose -s - 3*t = -t - 30, -f*s = -5*t - 68. What is the tens digit of s?
2
Suppose 3*x = x + o + 3549, 3*x + 5*o = 5317. What is the units digit of x?
4
Let u = 100 - -52. Suppose 0*l - u = -2*l. What is the tens digit of l?
7
Suppose 3*w = -w + 3*v - 541, 4*v = -2*w - 254. Let m(r) = -35*r - 9. Let c be m(-6). Let x = w + c. What is the tens digit of x?
6
Suppose 0*h = 4*h - 48. Let p be -3 + 3/((-3)/(-40)). Let w = p - h. What is the units digit of w?
5
Let t be 8380/(-30) + 6/(-9). Let u = 425 + t. What is the units digit of u?
5
Let h(s) = -s + 18. Let c(o) = 2*o**3 + o**2 - o. Let d be c(-2). What is the units digit of h(d)?
8
Suppose 3*i - r - 109 = 0, 3*i - 4*i + 39 = r. Suppose 46*m = i*m + 2295. What is the hundreds digit of m?
2
Let p = -42 + 44. Suppose 0 = -2*l - 0*j + 5*j + 161, 0 = l + p*j - 58. What is the tens digit of l?
6
Suppose -2*v + v + 118 = 4*s, 0 = -s + 3. Let n = -66 + v. What is the tens digit of n?
4
Let p(q) = -q**3 + 7*q**2 + 6*q + 4. Let g be p(8). What is the tens digit of 2/g + (-10703)/(-66)?
6
Let k(h) = -h**3 - 9*h**2 + 12*h - 14. Let i be k(-10). Let o = i + 46. What is the units digit of o?
2
Let x = -23 - -31. Suppose 859 + 189 = x*u. What is the hundreds digit of u?
1
Suppose 5 = -2*r + 5*f, -2*r - 5*f + 3*f = -2. Suppose 3*s - 6 - 9 = 0. Suppose -4*i + i + 127 = 2*v, -s*v + 10 = r. What is the units digit of i?
1
What is the units digit of 1/(-11 + (-181148)/(-16467))?
7
Let c = 101 - 13. Let d = -156 + c. Let f = d + 109. What is the units digit of f?
1
Suppose 0 = -5*o - 5*f - 5, 4*o + 28 - 6 = 5*f. Let s = 5 + o. Suppose -s*m - 9 = -3*m. What is the units digit of m?
9
Let i = 55 + -50. Suppose i*j + g = 800, 4*g - g - 174 = -j. What is the tens digit of j?
5
Let d be (-14)/(-3) - 2/3. Let c(o) = 2*o**3 - 5*o**2 - o. Let z be c(d). Suppose z = w - 4*b, -3*b = 2*b + 15. What is the tens digit of w?
3
What is the thousands digit of 12396/5 + 94/(-470)?
2
Let j(o) = 8*o**2 + 13*o + 78. What is the hundreds digit of j(-9)?
6
Suppose -2*w + 183 = w + k, -2*w = -k - 127. What is the tens digit of (-2)/((-8)/(-774))*w/(-93)?
2
Suppose 3*h - w + 4*w = 15, 0 = 2*h + 3*w - 10. Suppose 0 = 2*v - 3*p, 0*v + 8 = -2*v + h*p. What is the units digit of v?
6
Let r(l) = -l + 13. Let f be r(11). Let h be 8/(-52) - f/(-13). Suppose h*j - 184 = -4*j. What is the tens digit of j?
4
Suppose -2*q + 12*h - 10*h + 2844 = 0, 5*h - 2879 = -2*q. What is the units digit of q?
7
What is the units digit of ((-105)/280)/(1/(-3032))?
7
Let a(w) = 13*w**3 - 10*w**2 + 6*w. What is the units digit of a(4)?
6
Suppose m + r = 3*m + 13, -2*m - 11 = r. Let h be 4/(-6) - m/9. What is the tens digit of 19*(-1)/(-1) + h?
1
Suppose 0 = 2*y + 2. Let d be (1*-10)/(-3 - y). Let w = 14 - d. What is the units digit of w?
9
Let z be ((-146)/(-4))/(3/18). Suppose 0*p + 239 = 5*p + v, -5*p = -4*v - z. Let t = -30 + p. What is the units digit of t?
7
Let l be (-18)/(-4)*8/3. Suppose 5*f = 3*f - 3*b + 47, -3*f - 3*b = -63. Let a = f - l. What is the units digit of a?
4
Let b = 6 + -2. Let g = b + -1. Suppose 3*p + 27 = 3*m + p, -g*p + 45 = 5*m. What is the units digit of m?
9
Let h(b) = -11*b + 8*b - 15 + 9*b. What is the units digit of h(8)?
3
Let t be 2/6*(25 + -34). What is the units digit of (1 - t)/4 + (4 - -118)?
3
Let u = 4952 - 1613. What is the tens digit of u?
3
Let y(o) be the second derivative of -o**4/12 - 5*o**3/2 + 27*o**2/2 - 11*o. What is the units digit of y(-12)?
3
Suppose r = 5*o + 304, 4*r + 3*o - 1292 = 4*o. What is the tens digit of r?
2
Let w(x) = x**3 + 6*x**2 - 1. Let z be w(-6). What is the tens digit of (10/(-15))/(z/3) - -53?
5
Let g(u) = -17*u + 134. What is the hundreds digit of g(-17)?
4
Suppose -2*i + 140 + 254 = 0. Suppose -6*d + i = -7*d. Let x = -132 - d. What is the units digit of x?
5
Let k be ((-18)/(-36))/(2/(-68)). Let v = 53 + k. What is the units digit of v?
6
Let f = -149 + 326. Suppose 3*i - f = 3*r, 31 = i - 3*r - 34. Suppose 0 = -x + 3*x - i. What is the units digit of x?
8
Suppose 5*l = 4*g + 15, 3*l + 1 - 10 = 0. Suppose 3*k + 7 - 37 = g. Suppose -k = 3*q - 5*q. What is the units digit of q?
5
Let s(x) = x**3 + 3*x**2 - 2*x - 2. Let h be s(-3). Suppose -h*q + c = -3*c - 140, -q + 10 = 4*c. What is the tens digit of q?
3
Let d = 4611 + 1446. What is the hundreds digit of d?
0
Suppose 2 = 4*p - 2*p. Let j = p - 6. Let c(v) = -v**2 - 6*v + 6. What is the tens digit of c(j)?
1
Let s = 104 + -176. What is the units digit of (2 - s) + (-12)/6?
2
What is the tens digit of (-2 - -476)/(21/(-14))*-2?
3
Let z be 2*(-1)/4*-68. Suppose -z*h + 29*h = -220. What is the tens digit of h?
4
Suppose 0 = -2*x - 320 - 214. Let c = x - -480. What is the hundreds digit of c?
2
Suppose g = -3*g. Suppose -n - 27 + 39 = g. What is the units digit of n?
2
Let d(h) = 6*h**2 - 2*h - 47. What is the units digit of d(7)?
3
What is the units digit of 666 - ((-10 - -2) + 3)?
1
Let r(u) = u**3 - 7*u**2 + 6*u + 8. Let k be r(6). Let j = k + -8. Suppose -15 = -3*v - j*v. What is the units digit of v?
5
Suppose 0 = 2*c - 8 + 18. Let d(g) = g**3 + 8*g**2 + 6*g - 5. Let j be d(c). Suppose -5*z = -2*t - 59 - j, 3*t + 25 = z. What is the tens digit of z?
1
Let m(c) = -15456*c**3 - 2*c**2 - 3*c - 1. Let l be m(-1). Suppose -l = 3*k + k. What is the tens digit of k/(-70) - 2/10?
5
Suppose -2*t - 1 = -r, 4*t + r + 17 = 6*r. Suppose t*y + 3*y = 15. What is the tens digit of (86/(-8))/(y/(-12))?
4
Let h = 212 - 193. What is the tens digit of h?
1
Let n be (-3)/(-3 - 150/(-55)). Suppose -1056 = -n*a + 1309. What is the hundreds digit of a?
2
Let n be (1/(-1))/(7/14). What is the hundreds digit of (-5)/n*(18 + 54)?
1
Let q = -30 - -34. Suppose a = -0*a + q*f - 15, 60 = -4*a - f. What is the units digit of (14 + a)/(1/(-18))?
8
Suppose 7*l = -5*t + 3*l + 3792, 5*l - 750 = -t. What is the tens digit of t?
6
Let l(f) = -f**3 - 10*f**2 - 8*f + 9. Let i be l(-9). Suppose 4*a + n + 518 = i, -5*a - n = 3*n + 642. What is the tens digit of (17/34)/((-1)/a)?
6
Suppose 0 = 6*x + 22*x - 39592. What is the tens digit of x?
1
Let y(r) = 12*r - 23. Let v be y(6). What is the units digit of -1 - -34 - (-7)/(v/(-21))?
0
Let q = 169 - 115. Let i(k) = 9*k**2 + k - 1. Let s be i(-3). Let u = s - q. What is the tens digit of u?
2
Suppose 54 = 9*b - 36*b. Suppose -u + 1 + 1 = 0. What is the tens digit of (38/u)/(3 + b)?
1
Let k be -2 - (1 + -5 + -20). Suppose a + k = 45. What is the tens digit of a?
2
Let x = 742 + -456. What is the units digit of x?
6
Let b(f) = -9*f - 5. Suppose c - 10 = 2*s - 3*s, 2*c = 3*s - 5. Let i be b(s). Let l = 76 + i. What is the units digit of l?
6
Suppose 18 = g + 2*g + 3*q, -2*q - 3 = -3*g. Let f be 3 + -3 + 0 + g. Suppose 5*r = -0*r + 15, 4*i - 131 = f*r. What is the tens digit of i?
3
What is the hundreds digit of (-1022)/(-4)*((-48)/14 + 4)?
1
Suppose -l + 2*w + 1173 = 0, -226*l - 2*w = -229*l + 3539. What is the tens digit of l?
8
Suppose y + 268 = 5*m, 4*m = y + 2*m + 280. Let x = -153 - y. What is the units digit of x?
5
Let d(b) = -b**3 + 39*b**2 + 86*b - 159. What is the units digit of d(41)?
5
Suppose -3*q - 3*z + 5 = -13, 5*z + 15 = 0. Let l(g) = g**2 - 2*g + 1. What is the tens digit of l(q)?
6
Let t(n) = -7*n**2 - 5*n - 1. Let d(m) = -m**2 + m - 1. Let q(r) = 6*d(r) - t(r). Let i be q(-11). What is the tens digit of (0 + i)*(-15)/5?
1
Let s(a) = 2*a - 5. Let c be s(4). Let u(y) = 6*y**2 - 8*y**2 - 25*y**3 - y**c - y. What is the units digit of u(-1)?
5
Let n(a) = a**3 + 7*a**2 - 8*a + 3. Let g be n(-8). Suppose 2*s = -2*d - 10, -5*d = g*s - 0*d + 7. What is the tens digit of (s - -8)/(1/(-